- 206. What are the prime factors of l?
2, 3, 7
Let m(y) = -38*y + 36. Let s be m(11). Let n = s + 672. Suppose -n = -6*a + 76. What are the prime factors of a?
61
Suppose -137817 = -3*o + 2*f - 30601, -5*f - 35756 = -o. What are the prime factors of o?
2, 3, 1489
Let l be ((-9)/(-15) - (-9)/(-15)) + 994. Suppose 5*p - 496 = l. What are the prime factors of p?
2, 149
What are the prime factors of (143*740)/11 + 8?
2, 29, 83
Let x = 490 - 462. What are the prime factors of 45/(-105) - (-3652)/x?
2, 5, 13
Let k be -12*(-4)/32*(-4)/(-3). Suppose 164 = k*y - 4*d + 500, 633 = -4*y - 5*d. Let b = -95 - y. List the prime factors of b.
67
Suppose -12 = -2*j - 8. Suppose 4*t - 15 = 4*a + 25, 10 = -j*a. Suppose -3*q - 166 - 3 = -4*i, -4*i = -t*q - 175. List the prime factors of i.
2, 5
Suppose 87*k - 35*k - 68016 = 0. What are the prime factors of k?
2, 3, 109
List the prime factors of ((-36)/(-90))/(2/26315).
19, 277
Let z(s) = 2348*s**3 + s**2 + 18*s - 27. What are the prime factors of z(2)?
18797
Suppose 0 = 3*k - 38 + 29. Suppose 5*v = 0, 3*u - k*v = -7*v + 3747. List the prime factors of u.
1249
Let b(z) = 51*z**2 + 2349*z - 60. What are the prime factors of b(-53)?
2, 3, 1039
Let o be (-1)/((8/2)/132). Let x = 140 + o. List the prime factors of x.
107
Suppose -13935*i = -13952*i + 363953. List the prime factors of i.
79, 271
Let i(f) = -9*f**3 + 4*f + 149. What are the prime factors of i(-6)?
2069
Let j(k) = -k**2 + k + 1. Let z(g) = 20*g + 3 - 10*g**2 - 14*g - g**3 + 5 + 3. Let o(s) = 4*j(s) - z(s). What are the prime factors of o(-5)?
2, 7
Suppose 3*w + 7 = -2*i - 0*i, -3*w + 5 = 5*i. Suppose v = 5*d - 3162, -841 - 1685 = -i*d - v. What are the prime factors of d?
2, 79
List the prime factors of (32/(-128))/((-127899)/63948 + (2 - 0)).
73
Let p(w) = w**2 + 3*w - 5. Let z be p(-5). Suppose -5*q + q + 1292 = 2*i, -z*i + 4*q = -3286. List the prime factors of i.
2, 3, 109
Let h = -20 + 28. Suppose -h - 38 = 2*x + 2*b, -51 = 2*x + b. List the prime factors of (-287)/x*(-1 - -5).
41
Suppose 3*q = -3*i + 14793, 21*q = 19*q - 4*i + 9850. What are the prime factors of q?
4937
Let f(j) = 14*j**2 + j + 1. Let v be f(-1). Let k = v - 9. Suppose 630 - 155 = k*x. What are the prime factors of x?
5, 19
Let n = -16 + -29. Let x = -41 - n. Suppose -x*g = -177 - 107. List the prime factors of g.
71
Let q be (47/(-2))/((-12)/(-72)). Let b = 500 + q. What are the prime factors of b?
359
List the prime factors of 35/15*-3 + 17 + 6914.
2, 3, 577
Let z(w) = -628*w - 922. List the prime factors of z(-5).
2, 1109
Let d(j) = -j + 37. Let o(s) = 2*s**2 - 2*s - 2. Let r be o(-1). Let i be r/14 - (-12)/(-21)*-26. List the prime factors of d(i).
2, 11
Suppose -2*b = -h + 6274, -182*b + 186*b - 12556 = -2*h. What are the prime factors of h?
2, 3, 523
Let j(i) = -i**3 - 6*i**2 + 3*i - 24. Let n be j(-7). Suppose 0 = 4*m - 3*d - 1488, -n*m = 3*d - 786 - 678. List the prime factors of m.
3, 41
Let a = -52 - -3. Let b = -37 - a. List the prime factors of ((-15)/6 - -3)*b.
2, 3
Let y be (-9)/3 - (-11)/((-11)/(-1406)). Suppose 0 = 14*r - 4211 - y. What are the prime factors of r?
401
Suppose 21 = r - p - 8, 0 = -3*r - 2*p + 67. Let m = 27 - r. Suppose -3*d + 146 = -y + m*y, -2*y + 282 = d. What are the prime factors of y?
2, 5, 7
Let v(n) = 5*n**2 - 4*n + 5. Let r be v(2). Suppose 0 = 12*p - r*p + 430. Let g = p + 82. List the prime factors of g.
2, 3, 7
Let x(v) = -1131*v + 3886. Let m(c) = -47*c + 162. Let i(z) = -145*m(z) + 6*x(z). List the prime factors of i(29).
23, 29
Suppose -m + b + 14260 = -2911, m - 17156 = -4*b. What are the prime factors of m?
2, 29, 37
Let d = 24 - 4. Let p be d/(-10)*((-2)/4 - -2). What are the prime factors of 87 - 6/p - 3?
2, 43
Let q(z) = 84*z + 5358. List the prime factors of q(30).
2, 3, 13, 101
Suppose -16*u = -7000 - 15240. Suppose -121*o + u = -111*o. List the prime factors of o.
139
Suppose -s + 6 + 11 = 5*c, 0 = -3*c + 9. Suppose -3*w + 1149 + 1981 = 4*v, -s*v = -w - 1570. List the prime factors of v.
2, 7
Let q = 1 + 43. Suppose -42*o + q*o + 10 = 0. List the prime factors of o/((-25)/330) - 2.
2
Let o(q) = q**2 - 4. Let y be 4 + -3 - (3 + -2). Let s be o(y). List the prime factors of s + 5 + 93 + -3.
7, 13
Let u = 14606 - 12462. What are the prime factors of u?
2, 67
Let r be 6*-2*39/(-4). Suppose -226 = -4*i - 4*f + 546, -2 = -2*f. Let d = i - r. List the prime factors of d.
3, 5
Suppose 23 = -5*t + 83. Suppose 19*v - 17*v = t. Suppose -v*d = -4*d - 184. List the prime factors of d.
2, 23
Suppose 22027*d + 270980 = 22034*d - 84067. List the prime factors of d.
3, 11, 29, 53
Suppose -6 = b + 1. Let h(k) = -397*k**2 - 35*k - 74. Let l be h(-2). What are the prime factors of b/21 + l/(-6)?
5, 53
Suppose -310011 = -23*u + 1340722. List the prime factors of u.
7, 10253
Let z(r) = 2*r - 18. Let a = 27 + -18. Let k be z(a). Suppose 0 = u + u - 3*i - 154, k = -i + 2. What are the prime factors of u?
2, 5
List the prime factors of (-18041)/(-4) - 20/80.
2, 5, 11, 41
Suppose -2*q - 9308 = -u + 1849, -4*u = q - 44601. List the prime factors of u.
3, 7, 59
Let d be -6*((-17)/2 - 9/(-3)). Let p(t) = -t**3 + 35*t**2 - 20*t + 112. What are the prime factors of p(d)?
2, 5, 163
Let u(y) = -351*y + 616. Let i(f) = 70*f - 123. Let c(a) = 11*i(a) + 2*u(a). List the prime factors of c(8).
3, 47
List the prime factors of (56103/6)/((-3)/(-6)).
18701
Let a(h) = -4979*h - 4621. What are the prime factors of a(-5)?
2, 3, 31, 109
Let a(b) = -2711*b - 391. List the prime factors of a(-7).
2, 9293
Suppose 0 = 51*r - 361814 + 20225 - 165045. List the prime factors of r.
2, 4967
Suppose 0 = 4*l + 5*g - 1537, 0 = -4*l + 3*g + 2234 - 705. Suppose -487 = -5*b + l. List the prime factors of b.
2, 3, 29
Let g(z) = 4*z**2 + 7*z + 1. Let l be g(-13). Suppose -4*m - 5*k + 1192 = 0, -2*k = 2*m + 3*k - l. Suppose -3*a + m = 6. What are the prime factors of a?
3, 11
Suppose -3*l + 19461 + 7803 = 0. Suppose -7*s + l = 9*s. List the prime factors of s.
2, 71
Suppose -3*p + 8572 = 5*o - 9562, -5*o + 5*p + 18150 = 0. Suppose -o = 67*f - 71*f. What are the prime factors of f?
907
Suppose g - 49 = -49. What are the prime factors of (g - 13)*(-30 + 4) - -5?
7
Let n(h) = h**3 - 11*h**2 - h + 7. Let f be n(11). Let y = f - -28. Suppose -5*i = 5*g - 260, i - 3*g + y = 72. List the prime factors of i.
3, 17
Let o be 2/(-2)*-5 - (2971 - 17). Let v = -2057 - o. List the prime factors of v.
2, 223
Let m(y) = -339*y + 1. Let u be m(-5). Let a be (1316/(-8))/(-7) - (-1)/2. What are the prime factors of 2/6 + u/a?
71
Let m(z) = -2*z**3 + 231*z**2 - 269*z + 985. List the prime factors of m(114).
41, 227
Let p be (2*-31)/(6 - (-937)/(-156)). Suppose 0 = 2*c + 6*c - p. What are the prime factors of c?
3, 13, 31
Let z(k) = 135*k**2 - 64*k - 182. List the prime factors of z(-3).
5, 7
Let f be -252*(7 - (42 + -4)). Suppose 26*o + f = 27572. List the prime factors of o.
2, 5, 19
Let l(d) = 12*d + 10. Let r be l(-4). Let j = -39 - r. List the prime factors of j*13/(52/(-24)).
2, 3
Let n = 52168 + -36663. What are the prime factors of n?
5, 7, 443
List the prime factors of (51/6 + (-36)/4)*-29892.
2, 3, 47, 53
Let m(f) = 374*f**2 - 174*f + 1414. List the prime factors of m(10).
2, 3, 37, 167
Suppose 0 = -59*h - 370652 + 2034688. List the prime factors of h.
2, 11, 641
Let t be (-10)/(-6) + 0 + (-57547)/(-21). Suppose -6*x + 12*x = t. List the prime factors of x.
457
Let z(t) = t**3 - t**2 + 3*t + 12. Let m be z(0). Let f(u) = 12*u**2 + m - 44 - u**3 - 119*u + 156*u. What are the prime factors of f(14)?
2, 47
Suppose 0 = 7*t - 28*t + 4347. Suppose -2*i + 1044 = 3*i + s, -2*s = i - t. List the prime factors of i.
11, 19
Let o = 31 - 29. Suppose v + 5*m - 585 = -4*v, -o*v - 4*m + 232 = 0. List the prime factors of v.
2, 59
Suppose 15 = -13*y + 10*y. Let o = y + 10. Suppose 0 = -3*i - 3*n + 393, o*i - i - 545 = 3*n. List the prime factors of i.
2, 67
Let y(d) = -7*d**3 - d**2 - 9. Let z(j) = -7*j**3 - j**2 - j - 9. Let w(v) = -6*y(v) + 5*z(v). What are the prime factors of w(3)?
2, 3
Let h(b) = -2*b**2 - 13*b - 4. Let o be h(-6). Suppose -5*r = 2*v - 7*v + 2170, -o*r = -8. List the prime factors of v.
2, 3, 73
Suppose 2*t - 1226 = -g, 4*g + 400 = 4*t + 5340. Let y = g + -717. List the prime factors of 